2 (base 8) to base 6
-54030
What is -31161 (base 7) in base 2?
-1110111010110
17c6d (base 14) to base 16
eaa9
Convert -21520 (base 10) to base 11.
-15194
5b (base 12) to base 7
131
What is 3b4 (base 12) in base 9?
701
2bad (base 15) to base 5
300023
-708 (base 16) to base 2
-11100001000
Convert 25a8 (base 15) to base 11.
6043
What is -1221123 (base 4) in base 11?
-5084
Convert -2012010 (base 4) to base 15.
-2820
3287 (base 9) to base 5
34203
Convert 3003 (base 13) to base 6.
50310
What is -25f (base 16) in base 13?
-379
What is -1010311 (base 4) in base 3?
-20001011
What is -67a (base 11) in base 5?
-11223
What is -9077 (base 15) in base 8?
-73427
What is -2332 (base 15) in base 14?
-2a1a
28515 (base 9) to base 2
100101110101101
Convert 200 (base 13) to base 15.
178
-d3 (base 16) to base 6
-551
What is 1121120 (base 3) in base 9?
1546
What is 22711 (base 8) in base 11?
72a4
Convert -122111 (base 3) to base 10.
-472
What is 326 (base 9) in base 4?
10023
210233 (base 5) to base 4
1230133
2217 (base 8) to base 16
48f
-101ea (base 15) to base 2
-1100011101111110
What is 144140 (base 6) in base 15?
41a9
Convert -30 (base 16) to base 12.
-40
What is 2109 (base 12) in base 15?
1109
What is 2000110 (base 3) in base 5?
21340
What is -22445 (base 11) in base 14?
-bb9b
What is -200 (base 15) in base 14?
-242
-12da (base 15) to base 7
-14515
What is 1246 (base 9) in base 4?
32211
Convert 6d6 (base 14) to base 5.
20424
What is 317 (base 10) in base 4?
10331
What is b41 (base 13) in base 7?
5401
What is 6482 (base 10) in base 6?
50002
What is 2100 (base 3) in base 7?
120
What is -220505 (base 6) in base 2?
-100011110011001
1a94 (base 15) to base 3
21220111
Convert -2367 (base 16) to base 2.
-10001101100111
-5443 (base 6) to base 4
-103203
What is 5798 (base 14) in base 16?
3b7a
Convert -10100000110 (base 2) to base 3.
-1202122
What is -2188 (base 13) in base 7?
-16426
What is -1811 (base 14) in base 12?
-2607
-202022 (base 3) to base 5
-4143
What is 11aa (base 11) in base 5?
22242
What is 9962 (base 15) in base 12?
16978
Convert -2323 (base 4) to base 6.
-511
What is 1000010010001010 (base 2) in base 6?
421030
What is -307 (base 9) in base 7?
-505
24231 (base 5) to base 10
1816
Convert 1b5b (base 14) to base 2.
1001101110101
Convert c74 (base 15) to base 4.
223321
2103200 (base 4) to base 6
111412
-10020210211 (base 3) to base 15
-13e77
What is 126a3 (base 11) in base 16?
46de
What is -3cc4 (base 14) in base 16?
-2a04
What is 2fa (base 16) in base 12?
536
-2f40 (base 16) to base 8
-27500
Convert -707 (base 10) to base 2.
-1011000011
What is 111000101110 (base 2) in base 11?
2800
-2504 (base 6) to base 3
-211211
What is 2da0 (base 14) in base 2?
1111111110000
What is -140503 (base 7) in base 8?
-64043
Convert 5b5 (base 15) to base 2.
10100001111
What is 1211022112 (base 3) in base 12?
1897b
What is -c842 (base 13) in base 4?
-12301322
What is -25387 (base 10) in base 12?
-12837
-1a06 (base 11) to base 6
-15443
20073 (base 9) to base 2
11001110000100
-778 (base 12) to base 2
-10001001100
5503 (base 6) to base 10
1263
What is -115 (base 13) in base 7?
-355
What is 24500 (base 8) in base 3?
112111010
5426 (base 8) to base 9
3803
-11001110110101 (base 2) to base 14
-4b77
What is 443 (base 11) in base 14?
29d
1131300 (base 4) to base 15
1ba0
Convert -20112101 (base 3) to base 7.
-16612
Convert -6a87 (base 13) to base 9.
-22487
Convert 1230 (base 7) to base 13.
297
Convert 10453 (base 7) to base 4.
221023
-10121303 (base 4) to base 15
-5525
-2414 (base 5) to base 8
-547
What is -1804 (base 12) in base 4?
-231010
Convert 432b (base 13) to base 6.
111112
-1300 (base 8) to base 16
-2c0
What is 341d (base 16) in base 12?
7879
384 (base 9) to base 2
100111111
Convert 1002012 (base 3) to base 8.
1424
What is 10000011011011 (base 2) in base 12?
4a4b
Convert 100101011 (base 2) to base 12.
20b
Convert -350 (base 8) to base 9.
-277
20111 (base 3) to base 8
257
What is -5022 (base 7) in base 16?
-6c3
101101 (base 6) to base 12
4791
-5591 (base 15) to base 4
-10123120
What is -f395 (base 16) in base 13?
-224c9
1122012211 (base 3) to base 5
2012413
What is -226 (base 13) in base 9?
-451
17524 (base 11) to base 13
b266
427 (base 9) to base 15
184
Convert -12112120 (base 3) to base 15.
-12e3
What is 1341 (base 5) in base 16?
dd
Convert 35b5 (base 14) to base 12.
550b
-6937 (base 15) to base 4
-11130313
-524 (base 6) to base 5
-1241
-112100 (base 3) to base 16
-183
-1032 (base 9) to base 3
-1001002
-54066 (base 8) to base 14
-8330
Convert -21233 (base 4) to base 12.
-43b
-113422 (base 6) to base 10
-9878
What is 1501 (base 10) in base 8?
2735
48 (base 12) to base 9
62
What is 4343 (base 13) in base 8?
22206
4386 (base 11) to base 6
42433
What is -6a2c (base 16) in base 7?
-142146
-14513 (base 7) to base 4
-332330
What is -1200011020 (base 3) in base 15?
-9b49
-6653 (base 8) to base 3
-11210121
Convert -10148 (base 10) to base 2.
-10011110100100
Convert 3222 (base 5) to base 16.
1b5
What is -25016 (base 7) in base 16?
-1982
What is -1468 (base 10) in base 12?
-a24
1202112211 (base 3) to base 7
203026
1312102 (base 4) to base 16
1d92
What is 1420114 (base 5) in base 11?
20106
-526 (base 8) to base 7
-666
3101100 (base 4) to base 14
4c48
1ae (base 16) to base 14
22a
Convert 13bd (base 16) to base 15.
176d
What is 51355 (base 6) in base 12?
3b5b
-2221212 (base 3) to base 11
-1690
What is -b5 (base 13) in base 3?
-12111
12100 (base 4) to base 11
334
What is 2000133 (base 5) in base 4?
13220331
What is -9b8 (base 14) in base 16?
-786
Convert -6031 (base 13) to base 5.
-410342
Convert 13ca2 (base 15) to base 3.
10020020122
What is 37c (base 15) in base 4?
30120
-17777 (base 10) to base 5
-1032102
Convert 7b3 (base 13) to base 10.
1329
What is 5104 (base 10) in base 15?
17a4
What is -14121 (base 9) in base 3?
-111010201
Convert -2455 (base 8) to base 10.
-1325
201202202 (base 3) to base 12
840b
What is 27b0 (base 13) in base 15?
1a65
-1451 (base 6) to base 2
-110000111
What is -1100010 (base 2) in base 10?
-98
13322320 (base 4) to base 7
163402
24417 (base 10) to base 9
36440
What is -2e9 (base 16) in base 11?
-618
Convert 132102 (base 4) to base 5.
30223
Convert -1236 (base 8) to base 15.
-2ea
Convert -201 (base 3) to base 9.
-21
Convert -2083 (base 9) to base 14.
-7b7
What is -31503 (base 8) in base 12?
-7717
-1000010001 (base 2) to base 15
-254
What is aa28 (base 11) in base 5?
431200
What is 18528 (base 11) in base 3?
1022120011
-6045 (base 7) to base 12
-1263
-1021110 (base 3) to base 8
-1642
3724 (base 13) to base 8
17174
What is -198e (base 16) in base 3?
-22222022
What is 653 (base 14) in base 16?
4e1
Convert 36a (base 14) to base 10.
682
What is 1010010101010 (base 2) in base 7?
21265
What is 606 (base 11) in base 6?
3220
Convert -13145 (base 15) to base 14.
-18360
Convert -1036 (base 7) to base 16.
-172
What is 428 (base 9) in base 16?
15e
What is -5737 (base 8) in base 13?
-14ca
What is 615 (base 10) in base 16?
267
Convert -7270 (base 8) to base 2.
-111010111000
Convert -33488 (base 9) to base 13.
-a1a5
-98 (base 15) to base 7
-263
Convert -27a (base 11) to base 16.
-149
Convert 1553 (base 8) to base 6.
4015
-b60a (base 13) to base 5
-1301231
What is -a355 (base 13) in base 8?
-54023
-112220200 (base 3) to base 9
-15820
What is 3970 (base 13) in base 4?
2000023
Convert -32a0 (base 12) to base 2.
-1010111011000
-22 (base 7) to base 11
-15
What is -324 (base 9) in base 13?
-175
Convert 1211000 (base 4) to base 8.
14500
30553 (base 6) to base 12
2459
-dae (base 16) to base 12
-203a
Convert 31061 (base 7) to base 10.
7589
-1c0 (base 14) to base 2
-101101100
Convert -23585 (base 10) to base 12.
-11795
1243312 (base 5) to base 13
b3c2
Convert -18233 (base 9) to base 4.
-3010221
Convert 1 (base 2) to base 14.
1
Convert 4046 (base 7) to base 11.
1069
Convert -857 (base 12) to base 6.
-5351
Convert 21742 (base 9) to base 4.
3201320
Convert -1 (base 2) to base 10.
-1
Convert -55436 (base 7) to base 15.
-41e8
What is -16969 (base 12) in base 16?
-7ee1
Convert 322 (base 15) to base 11.
593
Convert 10001111010111011 (base 2) to base 13.
27545
-4a5 (base 13) to base 12
-577
10000101100 (base 2) to base 4
100230
-2ca5 (base 15) to base 12
-5685
What is -3211 (base 6) in base 8?
-1327
C